factors of f?
2, 3, 7
What are the prime factors of 3 + -2 - (-1795 + -4 + 4)?
2, 449
Let n = -153 - -2157. Let d be (-2)/(-13) + n/156. Suppose -5*c + 48 = d. List the prime factors of c.
7
Let z(u) = -u**3 - u**2 + 109. Let i be z(0). Let o = 208 - i. What are the prime factors of o?
3, 11
Suppose 3*w + 7 = 5*m, 5*m - 4*w - 6 = -0. Suppose -m*q + 2 + 6 = 0. Suppose -3*b = -3 - 3, -q*b = 3*r - 119. List the prime factors of r.
37
Let s(j) = 2*j**2 - 9*j + 9. Let a be s(4). Suppose a = b + 3*m, b + 2*m + 2*m - 6 = 0. List the prime factors of b.
2
Let l = -2471 + 4895. What are the prime factors of l?
2, 3, 101
Let z be (-175)/2 + (-2)/4. Let p = z + 254. Suppose 0 = -2*j - 4*o + 62, o = 5*j - 0*j - p. What are the prime factors of j?
3, 11
Suppose -5*l = -5*c - 4595, 5*l - 3*c = 2499 + 2104. List the prime factors of l.
13, 71
Suppose 0 = 5*o + 162 - 27. Let t = 34 + o. List the prime factors of t.
7
Suppose 5*c - 3*t = -77, 2*c + 11 = c + 5*t. Let i = c - -10. List the prime factors of (-207)/(-6) + i/4.
3, 11
Let q(p) = -p**3 - 9*p**2 - 9*p - 8. Let i be q(-8). Suppose 3*s - 19 + 4 = i. Suppose -w + s = -12. What are the prime factors of w?
17
Let y(j) = -17*j + 20. Suppose -33 - 2 = 5*t. List the prime factors of y(t).
139
Suppose u - 3*k = 715, 4*k - 1056 + 3181 = 3*u. List the prime factors of u.
19, 37
Suppose -2*o + 5*t = -109, -4*t = -3*o - 2*t + 158. Let z = o - 35. Let k = 24 + z. What are the prime factors of k?
41
Let p be 1 - (1 - 8/4). Suppose 4*c - p*d + 83 = -7, 70 = -3*c + d. Let t = 37 + c. List the prime factors of t.
2, 3
Suppose 2*k - 48 = -4*w, -3*w - 112 = -3*k + w. Suppose 4*a = -24 + k. What are the prime factors of a/14 - 2736/(-56)?
7
Let l(s) = 4*s + 15. Let c = -21 - -28. List the prime factors of l(c).
43
Suppose 6 = 2*x - 0. Suppose -7 + x = n + 2*o, 0 = -4*n + 2*o - 66. Let v = -10 - n. What are the prime factors of v?
2
Suppose 4*h + 2136 = -4*p, -2*p + 3*p - h = -542. Let x = -312 - p. List the prime factors of x.
2, 113
Suppose 0 = -48*c + 143986 + 52334. List the prime factors of c.
2, 5, 409
Let n = 10 - 6. Let t be 12/16*n + 2. Suppose -2*l - 36 = -t*l - 4*w, -5*w = 0. List the prime factors of l.
2, 3
Suppose t - 6 = -2*t. Suppose 0 = 2*i - 2*o + 36, -5*o + 13 = -t. What are the prime factors of i/((-2)/(24/9))?
2, 5
Let h = -8 + 13. Let i(w) = w**3 - 7*w**2 + 2*w - 7. Let t be i(h). Let b = -5 - t. What are the prime factors of b?
2, 3, 7
Let r = 440 - 248. What are the prime factors of r?
2, 3
Let r = -272 - -146. Let t = r - -237. What are the prime factors of t?
3, 37
Suppose 5*n - 2804 = -3*o, -2*o + 0*n = 2*n - 1868. What are the prime factors of o?
3, 311
Let b(t) = -t - 10. Let m be b(-12). What are the prime factors of (-1 + -60)*(-3 + 3 - m)?
2, 61
Suppose -3*f + 1596 = 9*f. List the prime factors of f.
7, 19
Let q(m) = m**3 + 26*m**2 + 51*m - 21. What are the prime factors of q(-22)?
13, 61
Let y(c) = -c. Let p be (-14)/4*(-108)/6. Let v be ((-1)/3)/(7/p). List the prime factors of y(v).
3
Suppose 4*f + 4 = -2*x - 2*x, -5*f + 5*x = -35. Suppose -f*k = 8 - 137. List the prime factors of k.
43
Let g be (0 - -1)/((-4)/40*2). Let l(y) = -6*y**2 - 16*y - 20. Let i(h) = 3*h**2 + 8*h + 10. Let o(f) = 9*i(f) + 4*l(f). List the prime factors of o(g).
3, 5
Let w(j) = -j**3 + 15*j**2 - 13*j - 11. Let v be w(14). Let q = v + 0. Suppose 94 = q*k + 34. What are the prime factors of k?
2, 5
Let q(f) = -f - 4. Let z = 0 - 4. Let t be q(z). What are the prime factors of 4 + -3 - (-4 - t)?
5
Let y(q) = -8*q**2 + q + q**3 - 3 - 4 + 6*q. Let g(h) = 9*h**2 - 2*h + 1. Let w be g(1). What are the prime factors of y(w)?
7
Suppose p - 4 = -3. Let h be ((-2)/p)/(2/(-83)). Suppose -2*t = -h + 29. List the prime factors of t.
3
Let l = 13 + -8. Suppose 3*r + l = 11. What are the prime factors of ((-4)/r)/(2/(-9))?
3
Let w(z) = 24*z - 16. Let a be w(4). Let q = 5 + a. What are the prime factors of q?
5, 17
Let w = -7 + 2. Let s be ((-9)/5)/(1/w). List the prime factors of (-2)/9 + 47/s.
5
Suppose 0 = 10*u - 4*u - 1800. List the prime factors of u.
2, 3, 5
Let z(s) = s**2 - s**2 + s**2 + 6*s - 6. What are the prime factors of z(-13)?
5, 17
List the prime factors of ((-63)/(-9) + -7 + -1)*-1484.
2, 7, 53
Let a be 1 + 0 - (-4 + 1). Suppose -4*g - 7*k + 4*k + 537 = 0, -2*k = -4*g + 522. Suppose 3*q = -5*r + g, 0 = -a*r - 3*q - q + 104. List the prime factors of r.
3
Let m = 1040 - -116. What are the prime factors of m?
2, 17
Let a be 29/((-3 - -2) + (-12)/(-11)). Let l = a - 159. What are the prime factors of l?
2, 5
Suppose -15*m = m - 5552. List the prime factors of m.
347
Suppose -6*i - 6816 = -12*i. What are the prime factors of i?
2, 71
Let m = 544 + -324. What are the prime factors of m?
2, 5, 11
Suppose 3430 = 5*v - 5*k, 4*v + 2058 = 7*v + 2*k. List the prime factors of v.
2, 7
Let f(i) be the second derivative of -i**4/6 - i**3 + 3*i**2/2 - 2*i. Let s(b) be the first derivative of f(b). What are the prime factors of s(-8)?
2, 13
Let b be (-1 - -5)*(2 - 0). Suppose 0 = 3*c - c - b. Suppose 0 = -c*j + 3*j + 3. List the prime factors of j.
3
Suppose -10 = -3*q - 1. Suppose -f + 40 = 5*d, 3*d - 9 - 43 = 5*f. Let m = q + d. List the prime factors of m.
2, 3
Let u = 2373 + -1401. List the prime factors of u.
2, 3
Suppose -4*a + 3*a - 4*q = 2, -5*q = 5. Let h be 80/(-2) + (-1 - a). Let s = -21 - h. List the prime factors of s.
2, 11
Let z(a) = 8*a**3 + a**2 - 1. Let d be z(1). Let w(k) = -4*k**3 + d*k**2 - 3*k**2 + 1 + 5*k**3 - k. What are the prime factors of w(-4)?
3, 7
Suppose -111*r + 100*r = -198. List the prime factors of r.
2, 3
Let l be 6/(-4)*(-1494)/27. Suppose 0 = 2*t - 111 - l. Suppose -t = -4*p + 67. What are the prime factors of p?
41
Let l(n) = 9*n. Let p(o) = -10*o + 1. Let y be 4/6 - 20/3. Let a(q) = y*l(q) - 5*p(q). List the prime factors of a(-4).
11
Suppose -52*n = 5*n - 289047. List the prime factors of n.
11, 461
Let n(p) = p**3 + 29*p**2 - 47*p - 81. List the prime factors of n(-30).
3, 11, 13
Suppose 0 = -4*h - h - 5. List the prime factors of (-215)/(-5) - (-4)/h.
3, 13
List the prime factors of (-9 + 1239/(-6))*(-1 + -1).
431
Suppose -11*n + 32 = -12. Suppose 0 = -h - n, -2*h + 6*h - 749 = -5*m. List the prime factors of m.
3, 17
Let m(d) = -4*d**2 - 39*d + 16. Let a be m(-14). Let r = 319 + a. List the prime factors of r.
97
Let l = 15 - 16. Let h be (7 + -3)*l*-2. Let f = h + 31. List the prime factors of f.
3, 13
Suppose -4*o = -x + 5*x - 2172, 3*o - 5*x = 1605. List the prime factors of o.
2, 3, 5
Suppose 3*h - 4*w = -35, 3*h - w + 15 + 5 = 0. What are the prime factors of 5*((-93)/h - -1)?
2, 7
Let v(n) = -6*n + 6. Let k be v(1). List the prime factors of -9 + 9 + k + 189.
3, 7
Suppose 2*w = -5*j + 21, -3 = 3*w - 4*j - 0. Suppose -w*n = -2 + 20. Let h = 26 + n. List the prime factors of h.
2, 5
Suppose 0 = 2*s + 5*j - 119 - 939, j + 2618 = 5*s. List the prime factors of s.
2, 131
Suppose -5*i - 2*m = 2, 6*m - 7*m = 5*i + 6. Let w(b) be the second derivative of -7*b**5/20 + b**4/4 + 5*b**3/6 + 2*b**2 + b. List the prime factors of w(i).
2, 31
Let w = 10 - 26. Let i = w - -26. Suppose 3*q - 115 = -i. List the prime factors of q.
5, 7
Let a be (-20)/(-3)*(-216)/(-10). Suppose 2*t - a = -2. Suppose 3*p + t = 5*d, -4*d - 2*p = 2*p - 44. What are the prime factors of d?
13
Let y(v) = -v**2 - 13*v - 6. Let n be y(-12). Suppose -4*j + 2 + n = 0. Suppose -t + 4*c - 36 = -4*t, -4*t = j*c - 48. List the prime factors of t.
2, 3
Suppose 0 = 3*s - 2*j - j - 1323, -s = -3*j - 431. List the prime factors of s.
2, 223
Suppose -137*l + 136*l = 4*p - 2060, 1036 = 2*p + 2*l. What are the prime factors of p?
2, 257
Let x = -9 + 12. Suppose -x*g + 33 = 3*l, 11 = l + 5*g - 12. Suppose l*v - 5*v - f - 160 = 0, -2*v = 3*f - 92. What are the prime factors of v?
2, 13
Let z = 216 + -210. Let n(r) be the first derivative of r**3/3 - 3*r**2/2 - 5*r - 1. List the prime factors of n(z).
13
Suppose 122 = 5*f - 38. Suppose -2*h + 103 = 5*k, 24 = 4*k - 5*h - f. Suppose -v + 0 = -k. What are the prime factors of v?
19
Suppose -2*p - 2200 = -6*p - 3*a, 3*p - 2*a = 1650. What are the prime factors of p?
2, 5, 11
Let k = -46 + 44. Let g(j) = -10*j**3 - 3*j**2 - 2*j. What are the prime factors of g(k)?
2, 3
Suppose -12*h = -9*